{"id":4945,"date":"2017-05-12T11:17:39","date_gmt":"2017-05-12T11:17:39","guid":{"rendered":"http:\/\/mobilparc.net\/?page_id=4945"},"modified":"2017-05-12T11:17:39","modified_gmt":"2017-05-12T11:17:39","slug":"comunicat-de-premsa-10-de-maig-2017","status":"publish","type":"page","link":"https:\/\/mobilparc.net\/ca\/comunicat-de-premsa-10-de-maig-2017\/","title":{"rendered":"Comunicat de Premsa 10 de Maig 2017"},"content":{"rendered":"<p>Granollers, 10 de maig de 2017<\/p>\n<p>El Sr Xavier Tresserras Soler , el Sr. Josep Mandri Pla i el Sr. Alberto Marina Aira, actuant en qualitat de portaveus del col\u00b7lectiu d\u2019empreses de servei de lloguer d\u2019inflables i materials d\u2019oci de\u00a0 Catalunya, 26 aqu\u00ed pressents,\u00a0 volem manifestar el seg\u00fcent:<\/p>\n<ol>\n<li>Lamentem profundament l&#8217;accident produ\u00eft el dia 7 de maig a la localitat de Caldes de Malavella. Des d&#8217;aqu\u00ed volem transmetre les nostres condolences a totes les fam\u00edlies afectades.<\/li>\n<li>S\u00f3n 20 anys els que hem dedicat al m\u00f3n de l&#8217;oci i lleure amb un ampli ventall d&#8217;esdeveniments, actes festius, festes privades, etc&#8230; que avalen la nostra professionalitat i tasca desenvolupada.<\/li>\n<li>Degut a l&#8217;alarma social originada envers aquest lamentable accident i donada la manca d&#8217;informaci\u00f3 ver\u00eddica i\/o contrastada originada pel propi desconeixement del nostre sector, volem aclarir que milers d&#8217;usuaris han gaudit i segueixen gaudint dels nostres serveis amb una total seguretat i garantia.<\/li>\n<li>El nostre objectiu principal \u00e9s transmetre tranquil\u00b7litat a la poblaci\u00f3 donat que som un col\u00b7lectiu avalat, tal i com ja hem comentat, per la nostra \u00e0mplia traject\u00f2ria professional. Per aquest motiu, volem detallar alguns punts b\u00e0sics en els protocols d&#8217;actuaci\u00f3 envers l&#8217;\u00fas d&#8217;inflables:\n<ol>\n<li>Disposem d&#8217;una normativa vigent per a tot l&#8217;Estat que reglamenta les condicions d&#8217;\u00fas de qualsevol tipus d&#8217;inflable d&#8217;oci com, per exemple, especifica molt clarament la instal\u00b7laci\u00f3 correcte del mateix.<\/li>\n<li>Una condici\u00f3 imprescindible i de car\u00e0cter obligatori, \u00e9s el fet de posar un supervisor que vigila i controla en tot moment l&#8217;\u00fas correcte de l\u2019inflable garantint les mesures de seguretat.<\/li>\n<li>Tota activitat amb un inflable a l&#8217;exterior haur\u00e0 de ser cancel\u00b7lada de manera immediata sempre que les condicions climatol\u00f2giques ho requereixin i, especialment, quan les r\u00e0fegues de vent siguin iguals o superiors a 38 km\/hora.<\/li>\n<li>Totes les atraccions del nostre col\u00b7lectiu disposen del pertinent certificat de qualitat aix\u00ed com la certificaci\u00f3 del fabricant i les inspeccions anuals en vigor.<\/li>\n<\/ol>\n<\/li>\n<\/ol>\n<p>Per tots aquests motius, preguem un respecte a la nostre professi\u00f3 i ens posem a lliure disposici\u00f3 per aclarir qualsevol dubte que pugui sorgir.<\/p>\n<p>I per tal que aix\u00ed consti, signen el present document en la localitat i data de l&#8217;encap\u00e7alament:<\/p>\n<p><strong>Col\u00b7lectiu d\u2019empreses de servei de lloguer d\u2019inflables i materials d\u2019oci de\u00a0 Catalunya<\/strong><\/p>\n<p>P.P.\u00a0 Sr.\u00a0 Xavier Tresserras Soler\u00a0\u00a0 P.P. Sr. Josep Mandri Pla\u00a0\u00a0\u00a0 P.P. Sr. Alberto Marina Aira.<\/p>\n","protected":false},"excerpt":{"rendered":"<p>Granollers, 10 de maig de 2017 El Sr Xavier Tresserras Soler , el Sr. Josep Mandri Pla i el Sr. Alberto Marina Aira, actuant en qualitat de portaveus del col\u00b7lectiu d\u2019empreses de servei de lloguer d\u2019inflables i materials d\u2019oci de\u00a0 Catalunya, 26 aqu\u00ed pressents,\u00a0 volem manifestar el seg\u00fcent: Lamentem profundament l&#8217;accident produ\u00eft el dia 7 de maig a la localitat&hellip;<\/p>\n","protected":false},"author":1,"featured_media":0,"parent":0,"menu_order":0,"comment_status":"closed","ping_status":"closed","template":"","meta":{"footnotes":""},"class_list":["post-4945","page","type-page","status-publish","hentry"],"aioseo_notices":[],"_links":{"self":[{"href":"https:\/\/mobilparc.net\/ca\/wp-json\/wp\/v2\/pages\/4945","targetHints":{"allow":["GET"]}}],"collection":[{"href":"https:\/\/mobilparc.net\/ca\/wp-json\/wp\/v2\/pages"}],"about":[{"href":"https:\/\/mobilparc.net\/ca\/wp-json\/wp\/v2\/types\/page"}],"author":[{"embeddable":true,"href":"https:\/\/mobilparc.net\/ca\/wp-json\/wp\/v2\/users\/1"}],"replies":[{"embeddable":true,"href":"https:\/\/mobilparc.net\/ca\/wp-json\/wp\/v2\/comments?post=4945"}],"version-history":[{"count":0,"href":"https:\/\/mobilparc.net\/ca\/wp-json\/wp\/v2\/pages\/4945\/revisions"}],"wp:attachment":[{"href":"https:\/\/mobilparc.net\/ca\/wp-json\/wp\/v2\/media?parent=4945"}],"curies":[{"name":"wp","href":"https:\/\/api.w.org\/{rel}","templated":true}]}}

<p>Granollers, 10 de maig de 2017</p>
<p>El Sr Xavier Tresserras Soler , el Sr. Josep Mandri Pla i el Sr. Alberto Marina Aira, actuant en qualitat de portaveus del col·lectiu d’empreses de servei de lloguer d’inflables i materials d’oci de  Catalunya, 26 aquí pressents,  volem manifestar el següent:</p>
<ol>
<li>Lamentem profundament l&#8217;accident produït el dia 7 de maig a la localitat de Caldes de Malavella. Des d&#8217;aquí volem transmetre les nostres condolences a totes les famílies afectades.</li>
<li>Són 20 anys els que hem dedicat al món de l&#8217;oci i lleure amb un ampli ventall d&#8217;esdeveniments, actes festius, festes privades, etc&#8230; que avalen la nostra professionalitat i tasca desenvolupada.</li>
<li>Degut a l&#8217;alarma social originada envers aquest lamentable accident i donada la manca d&#8217;informació verídica i/o contrastada originada pel propi desconeixement del nostre sector, volem aclarir que milers d&#8217;usuaris han gaudit i segueixen gaudint dels nostres serveis amb una total seguretat i garantia.</li>
<li>El nostre objectiu principal és transmetre tranquil·litat a la població donat que som un col·lectiu avalat, tal i com ja hem comentat, per la nostra àmplia trajectòria professional. Per aquest motiu, volem detallar alguns punts bàsics en els protocols d&#8217;actuació envers l&#8217;ús d&#8217;inflables:
<ol>
<li>Disposem d&#8217;una normativa vigent per a tot l&#8217;Estat que reglamenta les condicions d&#8217;ús de qualsevol tipus d&#8217;inflable d&#8217;oci com, per exemple, especifica molt clarament la instal·lació correcte del mateix.</li>
<li>Una condició imprescindible i de caràcter obligatori, és el fet de posar un supervisor que vigila i controla en tot moment l&#8217;ús correcte de l’inflable garantint les mesures de seguretat.</li>
<li>Tota activitat amb un inflable a l&#8217;exterior haurà de ser cancel·lada de manera immediata sempre que les condicions climatològiques ho requereixin i, especialment, quan les ràfegues de vent siguin iguals o superiors a 38 km/hora.</li>
<li>Totes les atraccions del nostre col·lectiu disposen del pertinent certificat de qualitat així com la certificació del fabricant i les inspeccions anuals en vigor.</li>
</ol>
</li>
</ol>
<p>Per tots aquests motius, preguem un respecte a la nostre professió i ens posem a lliure disposició per aclarir qualsevol dubte que pugui sorgir.</p>
<p>I per tal que així consti, signen el present document en la localitat i data de l&#8217;encapçalament:</p>
<p><strong>Col·lectiu d’empreses de servei de lloguer d’inflables i materials d’oci de  Catalunya</strong></p>
<p>P.P.  Sr.  Xavier Tresserras Soler   P.P. Sr. Josep Mandri Pla    P.P. Sr. Alberto Marina Aira.</p>

<p>Granollers, 10 de maig de 2017 El Sr Xavier Tresserras Soler , el Sr. Josep Mandri Pla i el Sr. Alberto Marina Aira, actuant en qualitat de portaveus del col·lectiu d’empreses de servei de lloguer d’inflables i materials d’oci de  Catalunya, 26 aquí pressents,  volem manifestar el següent: Lamentem profundament l&#8217;accident produït el dia 7 de maig a la localitat&hellip;</p>
